hat are the prime factors of 166104281?
7, 61, 389003
List the prime factors of 5208154.
2, 7, 17, 79, 277
What are the prime factors of 54063529?
13, 59, 70487
List the prime factors of 2011712436.
2, 3, 223, 9281
What are the prime factors of 153239106?
2, 3, 25539851
List the prime factors of 1590045165.
3, 5, 35334337
List the prime factors of 59283909.
3, 41, 347, 463
List the prime factors of 938795261.
18211, 51551
List the prime factors of 2374222125.
3, 5, 11, 17, 33857
List the prime factors of 171779407.
17, 47, 214993
List the prime factors of 152775020.
2, 5, 41, 186311
List the prime factors of 3803264246.
2, 67, 2399, 11831
What are the prime factors of 2327049511?
263, 8848097
List the prime factors of 5426634914.
2, 53, 89, 131, 4391
List the prime factors of 819242534.
2, 11, 877, 42461
What are the prime factors of 102923188?
2, 25730797
List the prime factors of 150774798.
2, 3, 23, 61, 17911
What are the prime factors of 29002184?
2, 757, 4789
What are the prime factors of 1132683278?
2, 13613, 41603
List the prime factors of 1552608812.
2, 388152203
What are the prime factors of 1548006903?
3, 57333589
What are the prime factors of 461087298?
2, 3, 7, 29, 257, 491
List the prime factors of 244378776.
2, 3, 2887, 3527
List the prime factors of 189656998.
2, 17, 419, 13313
What are the prime factors of 265581251?
13, 53, 61, 71, 89
List the prime factors of 823280176.
2, 51455011
What are the prime factors of 91010274?
2, 3, 43, 352753
List the prime factors of 2595604853.
2595604853
List the prime factors of 410948048.
2, 7, 37, 131, 757
What are the prime factors of 113581229?
113581229
List the prime factors of 47725199.
47725199
List the prime factors of 205789512.
2, 3, 191, 44893
What are the prime factors of 61815292?
2, 7, 11, 200699
List the prime factors of 29954976.
2, 3, 312031
List the prime factors of 198205324.
2, 49551331
What are the prime factors of 678459309?
3, 11, 4021, 5113
What are the prime factors of 20543130?
2, 3, 5, 228257
List the prime factors of 4296029.
127, 33827
What are the prime factors of 325252945?
5, 191, 340579
What are the prime factors of 535944266?
2, 11, 13, 313, 5987
What are the prime factors of 510062796?
2, 3, 41, 345571
List the prime factors of 4080653096.
2, 13, 1523, 25763
List the prime factors of 1593666742.
2, 796833371
List the prime factors of 2263682217.
3, 31, 24340669
What are the prime factors of 4186134629?
4186134629
What are the prime factors of 367413432?
2, 3, 383, 39971
What are the prime factors of 327968098?
2, 2819, 58171
List the prime factors of 304385383.
179, 1700477
What are the prime factors of 13452311?
113, 119047
What are the prime factors of 2501622462?
2, 3, 23, 41, 442139
What are the prime factors of 310421978?
2, 241, 644029
What are the prime factors of 393748447?
587, 670781
List the prime factors of 192430910.
2, 5, 7, 1301, 2113
What are the prime factors of 1270140142?
2, 17, 37357063
List the prime factors of 578126295.
3, 5, 37, 115741
List the prime factors of 57739739.
57739739
List the prime factors of 785788029.
3, 13, 6716137
What are the prime factors of 1132052333?
37, 30596009
What are the prime factors of 2376005420?
2, 5, 43, 601, 4597
List the prime factors of 41213239.
569, 72431
List the prime factors of 43423573.
1613, 26921
What are the prime factors of 1152776803?
71, 16236293
List the prime factors of 54129718.
2, 23, 29, 40577
What are the prime factors of 585307150?
2, 5, 11706143
List the prime factors of 16545030.
2, 3, 5, 61, 9041
List the prime factors of 2568325068.
2, 3, 1367, 52189
What are the prime factors of 167909438?
2, 83954719
List the prime factors of 748418205.
3, 5, 5563, 8969
What are the prime factors of 291511360?
2, 5, 7, 181, 719
What are the prime factors of 297095021?
12911, 23011
List the prime factors of 3810447.
3, 83, 5101
What are the prime factors of 3289250989?
1607, 2046827
List the prime factors of 5621434127.
5621434127
What are the prime factors of 4146136330?
2, 5, 7, 59230519
What are the prime factors of 87677109?
3, 13, 17, 2593
What are the prime factors of 49394269?
59, 837191
What are the prime factors of 874594421?
874594421
List the prime factors of 251616974.
2, 7, 2699, 6659
List the prime factors of 79183331.
17, 31, 97, 1549
What are the prime factors of 4046504209?
11, 367864019
What are the prime factors of 1360392735?
3, 5, 13, 101, 69073
List the prime factors of 916194367.
11, 31, 2686787
List the prime factors of 398275598.
2, 7, 97, 313, 937
List the prime factors of 74062240.
2, 5, 7, 89, 743
What are the prime factors of 5160282412?
2, 9871, 130693
What are the prime factors of 611943960?
2, 3, 5, 5099533
List the prime factors of 83859363.
3, 7, 491, 2711
What are the prime factors of 61805378?
2, 2711, 11399
List the prime factors of 800125378.
2, 13, 19, 1619687
List the prime factors of 271814821.
271814821
What are the prime factors of 106124005?
5, 13, 31, 52667
List the prime factors of 82320204.
2, 3, 239, 28703
List the prime factors of 527879880.
2, 3, 5, 11, 133303
List the prime factors of 1247431713.
3, 11, 3436451
List the prime factors of 296629738.
2, 43, 811, 4253
What are the prime factors of 462850371?
3, 61, 843079
What are the prime factors of 84150988?
2, 31, 678637
What are the prime factors of 354242297?
23, 15401839
List the prime factors of 370789330.
2, 5, 557, 66569
What are the prime factors of 3360358?
2, 1680179
List the prime factors of 82532223.
3, 139, 21991
List the prime factors of 44389916.
2, 97, 114407
What are the prime factors of 52109238?
2, 3, 8684873
List the prime factors of 45954917.
43, 1068719
What are the prime factors of 66396557?
1367, 48571
What are the prime factors of 156240385?
5, 7, 4464011
What are the prime factors of 5845028071?
27283, 214237
List the prime factors of 56979171.
3, 29, 43, 5077
What are the prime factors of 5988036?
2, 3, 29, 17207
List the prime factors of 707285331.
3, 257, 101929
What are the prime factors of 510205513?
17, 1765417
What are the prime factors of 323976048?
2, 3, 11, 461
List the prime factors of 2797277303.
367, 2309, 3301
List the prime factors of 3615475399.
197, 18352667
What are the prime factors of 68112070?
2, 5, 13, 41, 983
What are the prime factors of 62494222?
2, 7, 43, 103811
What are the prime factors of 331682317?
1759, 188563
What are the prime factors of 1075305581?
7, 37, 409, 10151
What are the prime factors of 60249367?
1427, 42221
What are the prime factors of 605045914?
2, 11, 27502087
What are the prime factors of 34299563?
2999, 11437
What are the prime factors of 6145507951?
11, 5119, 109139
What are the prime factors of 97345649?
367, 265247
List the prime factors of 163562981.
41, 97301
What are the prime factors of 78714691?
11, 7155881
List the prime factors of 8811602.
2, 2099
What are the prime factors of 5896903772?
2, 1474225943
List the prime factors of 2991315375.
3, 5, 2658947
List the prime factors of 59883562.
2, 29941781
List the prime factors of 24721768.
2, 3090221
List the prime factors of 48330767.
31, 1559057
What are the prime factors of 502742537?
11, 83, 113, 443
List the prime factors of 5869970132.
2, 13, 97, 1163753
List the prime factors of 138226915.
5, 17, 53, 61, 503
List the prime factors of 84145442.
2, 107, 393203
What are the prime factors of 7285341365?
5, 1457068273
List the prime factors of 27205573.
23, 61, 19391
What are the prime factors of 177044731?
23, 127, 60611
What are the prime factors of 2790498697?
7, 29, 31, 63347
What are the prime factors of 596319901?
7253, 82217
What are the prime factors of 873727831?
873727831
List the prime factors of 638221405.
5, 127644281
List the prime factors of 43431559.
827, 52517
List the prime factors of 3216911649.
3, 7, 17, 313, 28789
List the prime factors of 40428040.
2, 5, 17, 59453
List the prime factors of 441107199.
3, 13, 149, 25303
List the prime factors of 67433386.
2, 71, 587, 809
What are the prime factors of 32682210?
2, 3, 5, 11, 97, 1021
List the prime factors of 334667033.
334667033
List the prime factors of 624629408.
2, 13, 19, 6079
List the prime factors of 17701109.
17701109
What are the prime factors of 28378510?
2, 5, 2837851
What are th